
6
What is the remainder when 1396 is divided by 78?
70
What is the remainder when 102 is divided by 36?
30
Calculate the remainder when 178 is divided by 18.
16
What is the remainder when 1059 is divided by 66?
3
Calculate the remainder when 780 is divided by 49.
45
Calculate the remainder when 8594 is divided by 11.
3
What is the remainder when 90 is divided by 46?
44
What is the remainder when 90 is divided by 19?
14
What is the remainder when 8055 is divided by 158?
155
What is the remainder when 272 is divided by 65?
12
Calculate the remainder when 77 is divided by 71.
6
What is the remainder when 94 is divided by 64?
30
What is the remainder when 99 is divided by 32?
3
Calculate the remainder when 349 is divided by 91.
76
What is the remainder when 3709 is divided by 25?
9
What is the remainder when 254 is divided by 12?
2
What is the remainder when 132 is divided by 37?
21
Calculate the remainder when 99 is divided by 28.
15
What is the remainder when 479 is divided by 227?
25
What is the remainder when 340 is divided by 11?
10
What is the remainder when 247 is divided by 8?
7
What is the remainder when 135 is divided by 23?
20
Calculate the remainder when 65 is divided by 11.
10
What is the remainder when 1448 is divided by 50?
48
Calculate the remainder when 263 is divided by 42.
11
Calculate the remainder when 577 is divided by 302.
275
What is the remainder when 486 is divided by 33?
24
Calculate the remainder when 462 is divided by 28.
14
What is the remainder when 243 is divided by 76?
15
Calculate the remainder when 167 is divided by 65.
37
What is the remainder when 1840 is divided by 601?
37
What is the remainder when 300 is divided by 29?
10
Calculate the remainder when 2180 is divided by 709.
53
Calculate the remainder when 229 is divided by 121.
108
What is the remainder when 2490 is divided by 27?
6
Calculate the remainder when 150 is divided by 31.
26
What is the remainder when 1807 is divided by 67?
65
Calculate the remainder when 566 is divided by 153.
107
Calculate the remainder when 3891 is divided by 7.
6
Calculate the remainder when 161 is divided by 115.
46
What is the remainder when 728 is divided by 27?
26
Calculate the remainder when 2777 is divided by 174.
167
Calculate the remainder when 246 is divided by 31.
29
What is the remainder when 34 is divided by 7?
6
What is the remainder when 644 is divided by 12?
8
Calculate the remainder when 6834 is divided by 120.
114
Calculate the remainder when 204 is divided by 64.
12
What is the remainder when 119 is divided by 25?
19
What is the remainder when 149 is divided by 11?
6
Calculate the remainder when 27 is divided by 22.
5
Calculate the remainder when 168 is divided by 155.
13
What is the remainder when 112 is divided by 6?
4
Calculate the remainder when 69047 is divided by 12.
11
Calculate the remainder when 123 is divided by 121.
2
What is the remainder when 173 is divided by 38?
21
What is the remainder when 237 is divided by 49?
41
Calculate the remainder when 1751 is divided by 46.
3
Calculate the remainder when 3774 is divided by 151.
150
Calculate the remainder when 2110 is divided by 358.
320
Calculate the remainder when 519 is divided by 144.
87
What is the remainder when 137 is divided by 40?
17
Calculate the remainder when 3795 is divided by 1247.
54
Calculate the remainder when 2939 is divided by 21.
20
Calculate the remainder when 657 is divided by 215.
12
Calculate the remainder when 81 is divided by 23.
12
Calculate the remainder when 525 is divided by 171.
12
Calculate the remainder when 32 is divided by 6.
2
What is the remainder when 53 is divided by 51?
2
Calculate the remainder when 56 is divided by 43.
13
What is the remainder when 1832 is divided by 1?
0
Calculate the remainder when 423 is divided by 124.
51
What is the remainder when 4732 is divided by 1180?
12
Calculate the remainder when 2240 is divided by 38.
36
Calculate the remainder when 4648 is divided by 15.
13
Calculate the remainder when 776 is divided by 764.
12
What is the remainder when 117 is divided by 29?
1
What is the remainder when 259 is divided by 90?
79
What is the remainder when 3866 is divided by 88?
82
What is the remainder when 31 is divided by 7?
3
Calculate the remainder when 464 is divided by 19.
8
What is the remainder when 62 is divided by 18?
8
What is the remainder when 6550 is divided by 182?
180
What is the remainder when 377 is divided by 19?
16
What is the remainder when 320 is divided by 53?
2
Calculate the remainder when 1810 is divided by 182.
172
Calculate the remainder when 20 is divided by 5.
0
Calculate the remainder when 222 is divided by 12.
6
What is the remainder when 58 is divided by 16?
10
What is the remainder when 423 is divided by 61?
57
Calculate the remainder when 8254 is divided by 192.
190
Calculate the remainder when 261 is divided by 66.
63
Calculate the remainder when 2193 is divided by 122.
119
Calculate the remainder when 70 is divided by 4.
2
Calculate the remainder when 129 is divided by 87.
42
What is the remainder when 918 is divided by 174?
48
Calculate the remainder when 4171 is divided by 379.
2
Calculate the remainder when 102 is divided by 52.
50
Calculate the remainder when 23 is divided by 4.
3
Calculate the remainder when 1272 is divided by 64.
56
Calculate the remainder when 592 is divided by 210.
172
What is the remainder when 1559 is divided by 224?
215
Calculate the remainder when 59 is divided by 47.
12
Calculate the remainder when 65 is divided by 21.
2
What is the remainder when 659 is divided by 33?
32
What is the remainder when 698 is divided by 650?
48
What is the remainder when 187 is divided by 47?
46
Calculate the remainder when 593 is divided by 100.
93
What is the remainder when 41 is divided by 19?
3
Calculate the remainder when 717 is divided by 156.
93
Calculate the remainder when 123 is divided by 27.
15
What is the remainder when 2206 is divided by 92?
90
Calculate the remainder when 452 is divided by 81.
47
Calculate the remainder when 180 is divided by 23.
19
Calculate the remainder when 192 is divided by 9.
3
Calculate the remainder when 104 is divided by 13.
0
Calculate the remainder when 3378 is divided by 223.
33
What is the remainder when 1668 is divided by 152?
148
Calculate the remainder when 1223 is divided by 10.
3
What is the remainder when 137 is divided by 69?
68
What is the remainder when 5682 is divided by 58?
56
What is the remainder when 76 is divided by 19?
0
What is the remainder when 103 is divided by 23?
11
Calculate the remainder when 2139 is divided by 119.
116
What is the remainder when 43 is divided by 34?
9
Calculate the remainder when 390 is divided by 95.
10
What is the remainder when 731 is divided by 61?
60
What is the remainder when 590 is divided by 37?
35
What is the remainder when 8067 is divided by 25?
17
What is the remainder when 1980 is divided by 31?
27
What is the remainder when 74 is divided by 26?
22
Calculate the remainder when 390 is divided by 50.
40
Calculate the remainder when 126 is divided by 20.
6
What is the remainder when 928 is divided by 93?
91
What is the remainder when 89 is divided by 28?
5
What is the remainder when 1045 is divided by 38?
19
Calculate the remainder when 278 is divided by 116.
46
What is the remainder when 2390 is divided by 8?
6
What is the remainder when 302 is divided by 38?
36
What is the remainder when 810 is divided by 274?
262
What is the remainder when 528 is divided by 59?
56
What is the remainder when 406 is divided by 130?
16
Calculate the remainder when 1048 is divided by 14.
12
Calculate the remainder when 145 is divided by 1.
0
What is the remainder when 548 is divided by 273?
2
What is the remainder when 1401 is divided by 117?
114
What is the remainder when 5681 is divided by 1884?
29
What is the remainder when 284 is divided by 3?
2
Calculate the remainder when 1937 is divided by 604.
125
What is the remainder when 1687 is divided by 26?
23
Calculate the remainder when 66 is divided by 8.
2
What is the remainder when 1921 is divided by 237?
25
What is the remainder when 265 is divided by 67?
64
What is the remainder when 207 is divided by 19?
17
What is the remainder when 991 is divided by 62?
61
What is